30?
10
Calculate the greatest common divisor of 7 and 59.
1
What is the greatest common factor of 1235 and 95?
95
What is the highest common divisor of 21 and 1785?
21
Calculate the greatest common divisor of 2415 and 23.
23
What is the greatest common factor of 45 and 261?
9
Calculate the greatest common factor of 2001 and 1725.
69
What is the greatest common factor of 12411 and 63?
63
What is the highest common divisor of 23380 and 140?
140
What is the highest common divisor of 464 and 80?
16
What is the highest common divisor of 15 and 1647?
3
Calculate the greatest common factor of 750 and 42.
6
What is the greatest common divisor of 99 and 297?
99
What is the highest common factor of 52 and 26?
26
What is the highest common factor of 164 and 27388?
164
What is the greatest common factor of 1826 and 154?
22
What is the highest common divisor of 207 and 92?
23
What is the greatest common divisor of 100 and 1550?
50
Calculate the highest common divisor of 9 and 6.
3
Calculate the greatest common divisor of 144 and 36.
36
Calculate the highest common divisor of 462 and 33.
33
Calculate the highest common factor of 27 and 8361.
9
Calculate the greatest common divisor of 49 and 13181.
49
What is the highest common factor of 595 and 2771?
17
What is the greatest common divisor of 26810 and 70?
70
Calculate the highest common factor of 1328 and 83.
83
Calculate the highest common factor of 50 and 26.
2
What is the highest common divisor of 222 and 24?
6
What is the greatest common divisor of 12 and 4080?
12
What is the highest common factor of 5019 and 21?
21
What is the greatest common divisor of 387 and 9?
9
Calculate the highest common divisor of 164 and 1558.
82
What is the greatest common factor of 517 and 55?
11
What is the highest common divisor of 132 and 14322?
66
Calculate the greatest common divisor of 230 and 20.
10
Calculate the greatest common factor of 768 and 10496.
256
What is the greatest common divisor of 884 and 52?
52
Calculate the highest common divisor of 432 and 132.
12
Calculate the greatest common divisor of 375 and 480.
15
Calculate the highest common divisor of 68 and 765.
17
What is the highest common divisor of 21132 and 36?
36
Calculate the highest common divisor of 702 and 33345.
351
What is the greatest common factor of 234 and 1131?
39
Calculate the highest common divisor of 70 and 20370.
70
What is the greatest common divisor of 492 and 48?
12
What is the greatest common factor of 14 and 154?
14
Calculate the greatest common factor of 740 and 4995.
185
What is the highest common factor of 204 and 476?
68
Calculate the highest common divisor of 39324 and 29.
29
What is the highest common divisor of 222 and 5883?
111
Calculate the highest common divisor of 7 and 896.
7
What is the greatest common divisor of 145 and 95?
5
Calculate the highest common divisor of 8670 and 51.
51
Calculate the highest common factor of 1776 and 336.
48
Calculate the highest common factor of 510 and 60.
30
Calculate the highest common divisor of 181 and 14661.
181
Calculate the greatest common factor of 118 and 413.
59
Calculate the greatest common factor of 611 and 564.
47
What is the highest common factor of 396 and 72?
36
What is the highest common divisor of 132 and 4532?
44
Calculate the greatest common divisor of 76 and 133.
19
What is the highest common factor of 3 and 69?
3
What is the greatest common divisor of 2067 and 156?
39
What is the highest common factor of 413 and 236?
59
Calculate the highest common factor of 6487 and 39.
13
Calculate the greatest common factor of 181 and 69323.
181
What is the highest common factor of 2132 and 52?
52
What is the greatest common factor of 99 and 781?
11
Calculate the highest common factor of 37 and 111.
37
What is the greatest common divisor of 351 and 39?
39
Calculate the highest common divisor of 6 and 30.
6
Calculate the highest common factor of 1176 and 24.
24
Calculate the greatest common factor of 473 and 11.
11
Calculate the highest common divisor of 880 and 176.
176
What is the greatest common factor of 1 and 9?
1
Calculate the greatest common divisor of 26 and 4.
2
Calculate the greatest common divisor of 414 and 46.
46
What is the highest common divisor of 290 and 7395?
145
Calculate the greatest common divisor of 322 and 805.
161
What is the highest common factor of 237 and 1975?
79
Calculate the highest common factor of 519 and 3.
3
What is the highest common divisor of 200 and 8?
8
Calculate the highest common factor of 552 and 120.
24
Calculate the greatest common factor of 155 and 93.
31
What is the greatest common factor of 130 and 4355?
65
What is the greatest common divisor of 92 and 2415?
23
What is the greatest common factor of 1566 and 90?
18
Calculate the greatest common factor of 97 and 3104.
97
What is the highest common divisor of 91 and 126?
7
Calculate the greatest common divisor of 3 and 457.
1
Calculate the greatest common divisor of 68 and 255.
17
Calculate the highest common divisor of 2 and 442.
2
What is the highest common divisor of 574 and 14?
14
What is the greatest common factor of 5125 and 25?
25
Calculate the greatest common divisor of 148 and 666.
74
Calculate the highest common factor of 169 and 39.
13
What is the greatest common factor of 712 and 24?
8
What is the greatest common factor of 74 and 37?
37
Calculate the highest common divisor of 1147 and 259.
37
What is the greatest common divisor of 366 and 2440?
122
Calculate the highest common divisor of 1127 and 138.
23
What is the highest common divisor of 1806 and 1376?
86
What is the highest common divisor of 2116 and 368?
92
What is the highest common factor of 232 and 1450?
58
Calculate the highest common divisor of 56 and 64.
8
Calculate the greatest common divisor of 224 and 1064.
56
What is the greatest common factor of 352 and 96?
32
What is the highest common factor of 27 and 621?
27
What is the greatest common factor of 120 and 24?
24
Calculate the highest common divisor of 50 and 175.
25
Calculate the greatest common divisor of 270 and 130.
10
What is the highest common factor of 42 and 42?
42
What is the highest common divisor of 9 and 929?
1
Calculate the highest common divisor of 534 and 78.
6
Calculate the highest common factor of 156 and 1300.
52
What is the greatest common factor of 5576 and 1224?
136
Calculate the highest common factor of 280 and 1624.
56
What is the highest common divisor of 1232 and 2618?
154
What is the greatest common factor of 5485 and 5?
5
Calculate the highest common divisor of 650 and 30.
10
Calculate the greatest common divisor of 986 and 1003.
17
Calculate the greatest common factor of 1494 and 18.
18
Calculate the highest common factor of 30044 and 406.
406
What is the greatest common factor of 68 and 85?
17
What is the highest common divisor of 12640 and 112?
16
Calculate the highest common divisor of 336 and 21.
21
Calculate the greatest common factor of 65 and 585.
65
Calculate the greatest common divisor of 4 and 4196.
4
What is the highest common divisor of 19208 and 56?
56
Calculate the highest common divisor of 279 and 62.
31
What is the highest common factor of 23 and 4393?
23
What is the highest common divisor of 3605 and 21?
7
Calculate the highest common factor of 1590 and 120.
30
Calculate the greatest common divisor of 260 and 325.
65
What is the highest common factor of 98 and 252?
14
What is the greatest common factor of 175 and 14?
7
What is the highest common divisor of 9611 and 21?
7
What is the highest common factor of 594 and 72?
18
What is the greatest common divisor of 18 and 45?
9
What is the highest common divisor of 155 and 3038?
31
What is the highest common factor of 44985 and 15?
15
Calculate the greatest common factor of 1868 and 12.
4
What is the highest common factor of 15 and 625?
5
What is the highest common divisor of 3 and 9147?
3
What is the greatest common factor of 20064 and 12?
12
What is the greatest common divisor of 110 and 10?
10
Calculate the highest common factor of 16 and 92.
4
What is the highest common divisor of 1 and 9?
1
Calculate the greatest common factor of 169 and 533.
13
What is the greatest common factor of 40 and 250?
10
What is the greatest common factor of 1104 and 1464?
24
Calculate